*f - 5*c + 17 + n = 0. What is the highest common divisor of 20 and f?
20
Suppose 4*d = -0*d + 40. Calculate the highest common divisor of d and 35.
5
Let n be 1 + 3/(-1) + -172. Let w = n - -409. Suppose 5*g + 5*u = w, -4*u - u + 100 = 2*g. Calculate the greatest common divisor of g and 9.
9
Let j = -3 - -10. Calculate the greatest common divisor of 7 and j.
7
Let q = -131 - -157. Calculate the greatest common divisor of q and 13.
13
Suppose v = -3*v + 68. Suppose -7 = -4*w + v. Suppose -3*f + 18 = w. What is the greatest common divisor of 4 and f?
4
Let l be 3*((-2)/(-3) - -2). Suppose 2*i - 3 = 5*d + 6, -i = 4*d + 15. Let o be 4/(i/60*-2). What is the greatest common divisor of l and o?
8
Suppose t + 3*c - 6 = 6, 0 = 2*c + 2. What is the greatest common factor of t and 6?
3
Let u(i) = i + 20. Let z be u(-16). Let d(a) = 3*a + 1. Let t be d(z). What is the greatest common divisor of 104 and t?
13
Let w = -38 + 64. What is the greatest common factor of 26 and w?
26
Suppose -2*i = 4*d + 2*i - 868, 4*d + 3*i = 867. What is the highest common factor of 27 and d?
27
Let r(t) = -t**2 - 31*t + 20. Let s be r(-25). Calculate the highest common factor of s and 34.
34
Let n = -35 - -59. Let q(u) = u**3 - 10*u**2 - 6*u - 43. Let k be q(11). Calculate the highest common factor of k and n.
12
Suppose 145*o - 140*o = 140. What is the greatest common factor of o and 56?
28
Suppose 5*y = 4*y + 6. What is the greatest common divisor of y and 66?
6
Let v be 34/3 + (-1)/3. Calculate the greatest common factor of 44 and v.
11
Let z be 6/(-33)*22/(-2). Calculate the greatest common divisor of z and 10.
2
Suppose -3*h - 3*i = -21, 3*h + 5*i - 7 = 4. Let u = h + -10. Calculate the greatest common factor of 5 and u.
1
Suppose -2*a - 12 = -5*a. Let y = -1 - -5. What is the greatest common divisor of y and a?
4
Let z(w) = -1 - 4*w - 6 + w. Let v be z(-3). Calculate the greatest common factor of v and 10.
2
Let d(g) = -g - 3. Suppose 5*m + 9 + 16 = 0. Let h be d(m). Let w be ((-50)/1)/(1 - h). What is the greatest common divisor of 10 and w?
10
Suppose 11*v - 109 + 21 = 0. Suppose 2*f - 3*f = -8. What is the highest common factor of f and v?
8
Let a(s) = 2*s - 10*s + 7*s + 23. Let m be a(13). What is the highest common factor of m and 10?
10
Let l = -2 + -11. Let t = l + 24. What is the greatest common divisor of t and 44?
11
Suppose 4*a - 18 = -6. Calculate the highest common divisor of a and 1.
1
Let a(k) = k**2 - 5*k - 9. Let p be a(7). Let n(i) = 2*i + 3. Let l be n(p). Calculate the greatest common divisor of 26 and l.
13
Let x be 726/36 + (-1)/6. What is the highest common divisor of 50 and x?
10
Let s be 102/(-27) - 4/18. Let d be s/(-12) - (-250)/6. Let j = -23 + d. What is the greatest common divisor of 19 and j?
19
Suppose 0 = g + 6 - 26. What is the greatest common divisor of g and 8?
4
Let s(z) be the second derivative of -z**4/12 - 7*z**3/6 - 3*z. Let v be s(-7). Suppose 1 = o - v. Calculate the highest common divisor of 9 and o.
1
Let j be ((0 - 0) + -1)*-77. Let z(h) = -h**3 - 2*h**2 - 2*h - 4. Let r be z(5). Let d be 4/6*r/(-18). Calculate the greatest common divisor of d and j.
7
Let y(r) = -88*r - 1 + 1 + 89*r. Let m be y(6). Calculate the highest common factor of m and 54.
6
Let v be 1/(-2*1)*-6. Let k be ((-39)/(-2))/(v/24). Suppose 5*w + 4*y - k = 0, -w + 4*w + 4*y - 92 = 0. Calculate the greatest common divisor of w and 16.
16
Let a(m) = -m**3 + 7*m**2 + 6*m + 2. Let c be a(7). Suppose 6 - 16 = -5*w. Let g = 2 + w. Calculate the highest common divisor of c and g.
4
Let l = 6 - 1. Suppose 2*b - l*b = -189. Calculate the highest common divisor of 9 and b.
9
Let h = 76 + -52. What is the highest common factor of h and 168?
24
Suppose 2*z = -3*x + 24, 0*z + 12 = z + 2*x. Let t(s) = 2*s + 20. Let n be t(-11). Let r = 4 - n. Calculate the greatest common divisor of z and r.
6
Suppose -16 = 15*x - 17*x. What is the greatest common divisor of x and 4?
4
Let k(m) = 3*m**2 - 54*m + 8. Let o be k(18). Let y be 10 - (1 - 2) - -1. What is the greatest common divisor of o and y?
4
Let b = -4 - -8. Suppose -u - 45 = -b*u. What is the greatest common divisor of u and 5?
5
Suppose -v - g = -6, 2*v + 0*v = 2*g + 16. Calculate the greatest common divisor of 35 and v.
7
Suppose 5*o + 4*n - 3*n = 495, -4*n = 5*o - 510. Let h be (42/(-4))/((-3)/4). Calculate the greatest common factor of h and o.
14
Suppose 0 = g - 3*g - 188. Let a be 3/(-6)*g + -2. What is the highest common factor of a and 5?
5
Suppose -4*n + 56 = 5*z, 4*z + 7*n - 44 = 3*n. Suppose -5*p = -92 + z. Calculate the greatest common factor of 8 and p.
8
Let l be -5*(-1 + 2 - 2). Suppose -3*j + l*j = d + 207, 4*d - 4 = 0. Let g = j - 53. What is the greatest common divisor of g and 34?
17
Suppose -2*g - 4 + 0 = 0. Let u = 17 - g. What is the highest common factor of u and 38?
19
Suppose 5*f = 3*i - 7*i - 1, 0 = 5*i + 4*f - 1. Calculate the greatest common divisor of 3 and i.
1
Let b be -428*3/(-6) - 5. What is the highest common divisor of 19 and b?
19
Let k = -176 - -227. Calculate the highest common divisor of k and 34.
17
Let o = -5 + 20. Suppose 0*x - 240 = -2*x. Calculate the highest common factor of x and o.
15
Suppose 0 = 4*j - 0 - 8. Let b(v) = 0*v + 5*v**2 - 6 + j*v + 0 - v**3. Let w be b(5). Calculate the greatest common divisor of 16 and w.
4
Let x(b) = -b**2 + b + 2. Let n be x(0). Suppose 4*y = -2*u + 84, 65 = 5*y - n*y + u. Calculate the highest common factor of y and 69.
23
Let l = 23 - 14. Suppose -3*p + 81 = -0*p + n, -p + 27 = 4*n. Calculate the greatest common factor of l and p.
9
Suppose 11 + 3 = x. Suppose 4*h = -l + x, -4*l - 14 = -h + l. Suppose 0 = -b - 4, -5*v - 2*b + 18 = -h*b. What is the highest common divisor of v and 14?
2
Let y = -1 + 4. Let d = -4 - y. Let g = 2 - d. Calculate the highest common factor of g and 3.
3
Let r = 63 - -29. Calculate the greatest common divisor of r and 23.
23
Let p be ((-2)/6)/((-2)/42). Suppose 4*n - 240 = 4*x, 3*n = 4*n + 4*x - 40. What is the highest common factor of n and p?
7
Suppose -170 = -5*y - 2*p, -16 - 25 = -y + p. What is the highest common divisor of 9 and y?
9
Suppose j - 65 = -4*j. Let y = -98 - -69. Let w = y - -81. What is the highest common factor of w and j?
13
Let g(t) = 6*t + 7 - 5*t + 2*t. Let r(x) = x - 1. Let p(k) = g(k) + 6*r(k). Let v be p(1). Calculate the highest common divisor of v and 15.
5
Suppose 2*j = -0*j - 10. Let v be (-60)/j*8/(-6). Let b be v/3*(-3)/2. What is the highest common divisor of b and 16?
8
Let w = 1744 + -917. Suppose 2 = -5*f + w. What is the greatest common factor of 15 and f?
15
Let b = -87 + 157. What is the highest common factor of 10 and b?
10
Let a = -78 - 117. Let w be 3/12 + a/(-4). Calculate the greatest common factor of 7 and w.
7
Suppose -6*l - 90 = -8*l. Suppose 0 = 5*z - l - 30. Calculate the greatest common divisor of 6 and z.
3
Let h = -172 + 100. Let u = h - -104. Calculate the greatest common factor of 16 and u.
16
Let g be 10 + (-8)/((-8)/4). Calculate the highest common divisor of g and 28.
14
Let z = 8 - 5. Suppose 3*p = 30 - z. Suppose 0*m + 3 = m. Calculate the highest common factor of m and p.
3
Suppose 2*t + m = 82, 0*m + 3*m = -6. What is the highest common factor of 21 and t?
21
Let r be ((-42)/63)/((-2)/27). Let y(z) = 9*z - 1. Let s be y(1). Let u be -18*2/(s/(-2)). Calculate the greatest common divisor of r and u.
9
Let h be 16/(1*2/(-4)). Suppose -5*l - 56 = b, -b + 0*b - 36 = -5*l. Let s = h - b. Calculate the highest common divisor of s and 14.
14
Let z(j) = -5*j - 5. Let x(q) = 7*q. Let n be x(-1). Let r be z(n). Let t(c) = 3*c - 8. Let b be t(6). Calculate the highest common factor of r and b.
10
Suppose 7*f - 54 = 16. What is the highest common factor of f and 160?
10
Suppose c + 360 = 4*c. Let x(d) = d**2 + 10*d - 9. Let i be x(-12). Calculate the highest common divisor of i and c.
15
Let y(s) = -11*s**3 - s**2 - 3*s - 2. Let t be y(-2). Calculate the highest common factor of 8 and t.
8
Let y be (-3 - 16)*(0 + -1). Let s = y - 17. What is the highest common divisor of s and 16?
2
Let s(q) = -5*q**3 + q + 1. Suppose 0 = -5*r - k - 6, 7 = 2*r - 5*r - 4*k. Let w be s(r). Calculate the greatest common factor of 5 and w.
5
Suppose 4*r = -3*i + 94, 4 = 3*i - 5*r 